en 83741 is divided by 20772?
653
Calculate the remainder when 42909 is divided by 43.
38
Calculate the remainder when 6476 is divided by 2148.
32
Calculate the remainder when 8074 is divided by 2558.
400
What is the remainder when 10192 is divided by 2546?
8
What is the remainder when 572456 is divided by 30?
26
What is the remainder when 91374 is divided by 613?
37
What is the remainder when 189838 is divided by 210?
208
Calculate the remainder when 16218 is divided by 36.
18
What is the remainder when 19711 is divided by 19547?
164
What is the remainder when 919 is divided by 16?
7
What is the remainder when 16824 is divided by 125?
74
What is the remainder when 92733 is divided by 82?
73
Calculate the remainder when 14773 is divided by 14614.
159
Calculate the remainder when 627857 is divided by 42.
41
What is the remainder when 45809 is divided by 45782?
27
What is the remainder when 331 is divided by 9?
7
What is the remainder when 1320 is divided by 637?
46
What is the remainder when 1080 is divided by 5?
0
Calculate the remainder when 4651 is divided by 224.
171
What is the remainder when 20523 is divided by 158?
141
What is the remainder when 28718 is divided by 63?
53
What is the remainder when 212759 is divided by 41?
10
Calculate the remainder when 2376 is divided by 21.
3
Calculate the remainder when 8103 is divided by 8048.
55
What is the remainder when 2814 is divided by 935?
9
Calculate the remainder when 68353 is divided by 23.
20
What is the remainder when 7896 is divided by 492?
24
Calculate the remainder when 16831 is divided by 16822.
9
What is the remainder when 88920 is divided by 147?
132
Calculate the remainder when 119929 is divided by 14991.
1
Calculate the remainder when 95588 is divided by 559.
558
What is the remainder when 6775 is divided by 251?
249
What is the remainder when 26375 is divided by 121?
118
What is the remainder when 28674 is divided by 256?
2
What is the remainder when 4196 is divided by 420?
416
Calculate the remainder when 8613 is divided by 662.
7
What is the remainder when 7777459 is divided by 97?
96
Calculate the remainder when 3457 is divided by 1714.
29
Calculate the remainder when 27453 is divided by 5487.
18
What is the remainder when 10532 is divided by 36?
20
Calculate the remainder when 17748 is divided by 287.
241
What is the remainder when 22483 is divided by 292?
291
Calculate the remainder when 419705 is divided by 7.
6
What is the remainder when 1734 is divided by 701?
332
Calculate the remainder when 1728738 is divided by 51.
42
What is the remainder when 20115 is divided by 155?
120
What is the remainder when 36342 is divided by 487?
304
Calculate the remainder when 1888493 is divided by 79.
77
What is the remainder when 1001213 is divided by 33?
26
What is the remainder when 81353 is divided by 78?
77
What is the remainder when 1060 is divided by 1057?
3
Calculate the remainder when 25479 is divided by 93.
90
What is the remainder when 143195 is divided by 14?
3
What is the remainder when 13516 is divided by 6744?
28
Calculate the remainder when 314868 is divided by 499.
498
What is the remainder when 33134 is divided by 180?
14
What is the remainder when 28864 is divided by 1598?
100
Calculate the remainder when 4496 is divided by 73.
43
Calculate the remainder when 2755 is divided by 754.
493
Calculate the remainder when 2283 is divided by 283.
19
What is the remainder when 850 is divided by 417?
16
Calculate the remainder when 16248 is divided by 855.
3
What is the remainder when 1748 is divided by 458?
374
What is the remainder when 24981 is divided by 768?
405
What is the remainder when 12479 is divided by 72?
23
Calculate the remainder when 354741 is divided by 228.
201
What is the remainder when 32017 is divided by 199?
177
What is the remainder when 1493 is divided by 119?
65
What is the remainder when 1116 is divided by 104?
76
What is the remainder when 1276 is divided by 358?
202
Calculate the remainder when 2165 is divided by 738.
689
What is the remainder when 17076 is divided by 176?
4
What is the remainder when 1296585 is divided by 49?
45
What is the remainder when 6365 is divided by 3181?
3
Calculate the remainder when 899578 is divided by 282.
280
What is the remainder when 715815 is divided by 234?
9
Calculate the remainder when 8165 is divided by 3898.
369
What is the remainder when 104713 is divided by 136?
129
What is the remainder when 10995 is divided by 1404?
1167
Calculate the remainder when 11773 is divided by 13.
8
What is the remainder when 6349 is divided by 32?
13
Calculate the remainder when 1962 is divided by 1952.
10
Calculate the remainder when 3899 is divided by 36.
11
What is the remainder when 132605 is divided by 66?
11
Calculate the remainder when 1155454 is divided by 9098.
8
Calculate the remainder when 336472 is divided by 134.
132
What is the remainder when 95710 is divided by 135?
130
Calculate the remainder when 44015 is divided by 3996.
59
Calculate the remainder when 11755 is divided by 262.
227
Calculate the remainder when 12326 is divided by 12296.
30
What is the remainder when 884859 is divided by 981?
978
What is the remainder when 1075 is divided by 214?
5
What is the remainder when 122682 is divided by 8763?
0
Calculate the remainder when 57507 is divided by 4423.
8
Calculate the remainder when 24605 is divided by 24597.
8
What is the remainder when 111249 is divided by 10113?
6
What is the remainder when 2623 is divided by 2046?
577
Calculate the remainder when 15229 is divided by 952.
949
Calculate the remainder when 4005 is divided by 1244.
273
What is the remainder when 41094 is divided by 59?
30
What is the remainder when 237199 is divided by 599?
594
What is the remainder when 41784 is divided by 197?
20
Calculate the remainder when 613311 is divided by 23.
16
Calculate the remainder when 95562 is divided by 31846.
24
What is the remainder when 326337 is divided by 42?
39
Calculate the remainder when 280153 is divided by 751.
30
Calculate the remainder when 4782 is divided by 796.
6
What is the remainder when 1334 is divided by 152?
118
What is the remainder when 15201 is divided by 86?
65
Calculate the remainder when 430415 is divided by 1266.
1241
Calculate the remainder when 10307 is divided by 5126.
55
What is the remainder when 66743 is divided by 9533?
12
Calculate the remainder when 1840 is divided by 54.
4
Calculate the remainder when 31971 is divided by 10609.
144
What is the remainder when 259 is divided by 247?
12
Calculate the remainder when 1746037 is divided by 235.
222
Calculate the remainder when 30681 is divided by 3404.
45
Calculate the remainder when 5179 is divided by 651.
622
Calculate the remainder when 7995 is divided by 22.
9
What is the remainder when 5337 is divided by 36?
9
What is the remainder when 1261476 is divided by 440?
436
What is the remainder when 64183 is divided by 526?
11
Calculate the remainder when 534 is divided by 229.
76
Calculate the remainder when 17824 is divided by 1976.
40
What is the remainder when 429 is divided by 100?
29
Calculate the remainder when 634 is divided by 476.
158
Calculate the remainder when 1263443 is divided by 421145.
8
What is the remainder when 5309 is divided by 669?
626
Calculate the remainder when 6904 is divided by 167.
57
Calculate the remainder when 59694 is divided by 112.
110
Calculate the remainder when 299030 is divided by 8.
6
What is the remainder when 697579 is divided by 95?
89
Calculate the remainder when 6414 is divided by 6394.
20
What is the remainder when 11747117 is divided by 280?
277
What is the remainder when 16920 is divided by 1406?
48
Calculate the remainder when 29290 is divided by 7317.
22
What is the remainder when 402568 is divided by 194?
18
What is the remainder when 29276 is divided by 14632?
12
Calculate the remainder when 120849 is divided by 1859.
14
What is the remainder when 31832 is divided by 883?
44
What is the remainder when 102301 is divided by 421?
419
What is the remainder when 1147 is divided by 591?
556
Calculate the remainder when 36219 is divided by 5.
4
What is the remainder when 139208 is divided by 9?
5
Calculate the remainder when 263333 is divided by 44.
37
Calculate the remainder when 274